{"id":173,"date":"2020-10-06T12:36:18","date_gmt":"2020-10-06T10:36:18","guid":{"rendered":"http:\/\/baupotential.ch\/?page_id=173"},"modified":"2023-06-21T12:12:17","modified_gmt":"2023-06-21T10:12:17","slug":"kunden","status":"publish","type":"page","link":"https:\/\/baupotential.ch\/?page_id=173","title":{"rendered":"KUNDEN"},"content":{"rendered":"\n<p>(Auswahl)<\/p>\n\n\n\n<p><strong>Institutionelle<\/strong><br>Baugenossenschaft f\u00fcr neuzeitliches Wohnen bgnzwo<br>confoedera-Stiftung<br>Credit Suisse Anlagestiftung<br>Genossenschaft Karthago<br>Kanton Z\u00fcrich, Baudirektion<br>Mobimo Management AG<br>Pensionskasse SBB<br>Swiss Life AG<br>Walde Immobilien AG<br>Wincasa AG<br>Z\u00fcrcher Rehazentren, Klinik Wald<\/p>\n\n\n\n<p><strong>Planer<\/strong><br>Atelier M Architekten GmbH<br>Atelier Marco Duarte Architekten GmbH<br>Baldinger Zech GmbH<br>Brassel Architekten GmbH<br>Elia Malevez GmbH<br>Fischer Architekten AG<br>General Plannig Poloni gmbh<br>JOM Architekten GmbH<br>KCAP Architects &amp; Planners Z\u00fcrich GmbH<br>Projekt Forum AG<br>prosolid architektur ag<\/p>\n\n\n\n<p><strong>Private<\/strong><br>Xavier Donath<br>Nicole Ehrler &amp; Kai Udert<br>Erbengemeinschaft Fischer<br>Felix Grether<br>Regula H\u00e4ckermann<br>Jean Michel Hegnauer<br>Michael Hofer<br>Simona L\u00fcscher<br>Eugen Mannhart<br>Christian Schwander<br>Tobias Wullschleger<\/p>\n","protected":false},"excerpt":{"rendered":"<p>(Auswahl) InstitutionelleBaugenossenschaft f\u00fcr neuzeitliches Wohnen bgnzwoconfoedera-StiftungCredit Suisse AnlagestiftungGenossenschaft KarthagoKanton Z\u00fcrich, BaudirektionMobimo Management AGPensionskasse SBBSwiss Life AGWalde Immobilien AGWincasa AGZ\u00fcrcher Rehazentren, Klinik Wald PlanerAtelier M Architekten GmbHAtelier Marco Duarte Architekten GmbHBaldinger Zech GmbHBrassel Architekten GmbHElia Malevez GmbHFischer Architekten AGGeneral Plannig Poloni gmbhJOM Architekten GmbHKCAP Architects &amp; Planners Z\u00fcrich GmbHProjekt Forum AGprosolid architektur ag PrivateXavier DonathNicole Ehrler [&hellip;]<\/p>\n","protected":false},"author":1,"featured_media":0,"parent":0,"menu_order":0,"comment_status":"closed","ping_status":"closed","template":"","meta":[],"_links":{"self":[{"href":"https:\/\/baupotential.ch\/index.php?rest_route=\/wp\/v2\/pages\/173"}],"collection":[{"href":"https:\/\/baupotential.ch\/index.php?rest_route=\/wp\/v2\/pages"}],"about":[{"href":"https:\/\/baupotential.ch\/index.php?rest_route=\/wp\/v2\/types\/page"}],"author":[{"embeddable":true,"href":"https:\/\/baupotential.ch\/index.php?rest_route=\/wp\/v2\/users\/1"}],"replies":[{"embeddable":true,"href":"https:\/\/baupotential.ch\/index.php?rest_route=%2Fwp%2Fv2%2Fcomments&post=173"}],"version-history":[{"count":5,"href":"https:\/\/baupotential.ch\/index.php?rest_route=\/wp\/v2\/pages\/173\/revisions"}],"predecessor-version":[{"id":190,"href":"https:\/\/baupotential.ch\/index.php?rest_route=\/wp\/v2\/pages\/173\/revisions\/190"}],"wp:attachment":[{"href":"https:\/\/baupotential.ch\/index.php?rest_route=%2Fwp%2Fv2%2Fmedia&parent=173"}],"curies":[{"name":"wp","href":"https:\/\/api.w.org\/{rel}","templated":true}]}}