{"id":119,"date":"2017-03-02T17:53:00","date_gmt":"2017-03-02T16:53:00","guid":{"rendered":"http:\/\/baupotential.ch\/?page_id=119"},"modified":"2021-06-04T15:57:08","modified_gmt":"2021-06-04T13:57:08","slug":"sanierungsstrategie","status":"publish","type":"page","link":"https:\/\/baupotential.ch\/?page_id=119","title":{"rendered":"SANIERUNGSSTRATEGIE"},"content":{"rendered":"<p>Wollen Sie die optimale Sanierungsstrategie f\u00fcr Ihre Bestandesliegenschaft kennen? Dank der Analyse- und Entwicklungsmethode \u00abSanStrat\u00bb erhalten Sie eine ganzheitliche Entscheidungsgrundlage f\u00fcr Ihre kurz-, mittel- und langfristigen Investitionen.<\/p>\n<p>Die ganzheitliche Sanierungsstrategie wird in drei Phasen erarbeitet:<\/p>\n<ol>\n<li>Die Basis bildet eine Bestandesanalyse und eine <a href=\"https:\/\/baupotential.ch\/?page_id=87\" target=\"_blank\" rel=\"noopener noreferrer\">Potentialanalyse<\/a> in der von Ihnen gew\u00fcnschten Bearbeitungstiefe (S-M-L-XL).<\/li>\n<li>Aus der Synthese von Bestand und Potential identifizieren wir alle in Betracht zu ziehenden Sanierungsoptionen (einzelne Sanierungsmassnahmen). Jede Option wird in einer \u00fcbersichtlichen Grafik aufgenommen und in einer Matrix beschrieben (z.B. Nutzen, Kosten, Auswirkungen auf \u00c4sthetik, Energiebedarf, Schall- und Brandschutz). Technische und \u00f6konomische Abh\u00e4ngigkeiten zwischen einzelnen Optionen werden bereits hier ber\u00fccksichtigt.<\/li>\n<li>In der dritten Phase ermitteln wir sinnvolle Sanierungsstrategien durch die Kombination von Sanierungsoptionen. Auf Ihren Wunsch vergleichen wir mehrere Strategie-Varianten und zeigen sinnvolle Umsetzungsetappen auf.<\/li>\n<\/ol>\n<p>Jede Phase kann einzeln ausgel\u00f6st werden und wird transparent dokumentiert. Bei den Phasen\u00fcberg\u00e4ngen bestimmen Sie die Richtung der Weiterbearbeitung. In den Zwischenbesprechungen erhalten Sie n\u00fctzliches Know-how \u00fcber die Bandbreite der M\u00f6glichkeiten die Ihre Liegenschaft bietet. Manchmal sind sanfte, schrittweise umsetzbare und einer Gesamtstrategie folgende Massnahmen nachhaltiger als eine einmalige Totalsanierung.<\/p>\n<p>Unsere Arbeitsweise basiert auf dem Forschungsprojekt \u00abSanStrat \u00a0\u2013\u00a0 ganzheitliche Sanierungsstrategien f\u00fcr Wohnbauten und Siedlungen\u00bb das 2010 \u2013 2012 in Zusammenarbeit mit Vertretern von Energie, Baukultur, Beh\u00f6rden und Bauwirtschaft unter dem Lead vom Kompetenzzentrum Typologie &amp; Planung in Architektur (CCTP) der Hochschule Luzern \u2013 Technik &amp; Architektur (HSLU T&amp;A) durchgef\u00fchrt wurde (<a href=\"https:\/\/ppdb.hslu.ch\/inf2\/rm\/f_protected.php?f=20141120112029_546dc06dd4626.pdf&amp;n=20121031_Schlussbericht_SanStrat.pdf\" target=\"_blank\" rel=\"noopener noreferrer\"><u>Schlussbericht 6 MB<\/u><\/a>).<\/p>\n<p>Gerne stellen wir Ihnen unsere Methode\u00a0pers\u00f6nlich vor. Nehmen Sie mit uns <a href=\"https:\/\/baupotential.ch\/?page_id=123\" target=\"_blank\" rel=\"noopener noreferrer\">Kontakt<\/a> auf.<\/p>\n","protected":false},"excerpt":{"rendered":"<p>Wollen Sie die optimale Sanierungsstrategie f\u00fcr Ihre Bestandesliegenschaft kennen? Dank der Analyse- und Entwicklungsmethode \u00abSanStrat\u00bb erhalten Sie eine ganzheitliche Entscheidungsgrundlage f\u00fcr Ihre kurz-, mittel- und langfristigen Investitionen. Die ganzheitliche Sanierungsstrategie wird in drei Phasen erarbeitet: Die Basis bildet eine Bestandesanalyse und eine Potentialanalyse in der von Ihnen gew\u00fcnschten Bearbeitungstiefe (S-M-L-XL). Aus der Synthese von Bestand [&hellip;]<\/p>\n","protected":false},"author":1,"featured_media":0,"parent":0,"menu_order":0,"comment_status":"closed","ping_status":"closed","template":"","meta":[],"_links":{"self":[{"href":"https:\/\/baupotential.ch\/index.php?rest_route=\/wp\/v2\/pages\/119"}],"collection":[{"href":"https:\/\/baupotential.ch\/index.php?rest_route=\/wp\/v2\/pages"}],"about":[{"href":"https:\/\/baupotential.ch\/index.php?rest_route=\/wp\/v2\/types\/page"}],"author":[{"embeddable":true,"href":"https:\/\/baupotential.ch\/index.php?rest_route=\/wp\/v2\/users\/1"}],"replies":[{"embeddable":true,"href":"https:\/\/baupotential.ch\/index.php?rest_route=%2Fwp%2Fv2%2Fcomments&post=119"}],"version-history":[{"count":5,"href":"https:\/\/baupotential.ch\/index.php?rest_route=\/wp\/v2\/pages\/119\/revisions"}],"predecessor-version":[{"id":182,"href":"https:\/\/baupotential.ch\/index.php?rest_route=\/wp\/v2\/pages\/119\/revisions\/182"}],"wp:attachment":[{"href":"https:\/\/baupotential.ch\/index.php?rest_route=%2Fwp%2Fv2%2Fmedia&parent=119"}],"curies":[{"name":"wp","href":"https:\/\/api.w.org\/{rel}","templated":true}]}}